?
479
What is the remainder when 13588 is divided by 4522?
22
Calculate the remainder when 25003 is divided by 930.
823
Calculate the remainder when 109954 is divided by 147.
145
What is the remainder when 5244 is divided by 187?
8
Calculate the remainder when 4672 is divided by 1553.
13
What is the remainder when 41777 is divided by 44?
21
Calculate the remainder when 158357 is divided by 40.
37
Calculate the remainder when 13161 is divided by 2955.
1341
What is the remainder when 405417 is divided by 25?
17
What is the remainder when 1361 is divided by 471?
419
What is the remainder when 3463 is divided by 18?
7
What is the remainder when 236 is divided by 144?
92
What is the remainder when 128634 is divided by 64312?
10
Calculate the remainder when 59581 is divided by 1702.
11
Calculate the remainder when 73672 is divided by 240.
232
What is the remainder when 13605 is divided by 153?
141
What is the remainder when 57734 is divided by 28?
26
Calculate the remainder when 1764910 is divided by 332.
330
What is the remainder when 7124 is divided by 2324?
152
Calculate the remainder when 54052 is divided by 204.
196
What is the remainder when 974 is divided by 81?
2
Calculate the remainder when 486763 is divided by 1628.
1619
Calculate the remainder when 37099 is divided by 18539.
21
Calculate the remainder when 2174 is divided by 1081.
12
Calculate the remainder when 12332 is divided by 1109.
133
Calculate the remainder when 1908 is divided by 516.
360
What is the remainder when 896 is divided by 106?
48
Calculate the remainder when 5300 is divided by 865.
110
What is the remainder when 7307 is divided by 365?
7
Calculate the remainder when 150766 is divided by 24.
22
Calculate the remainder when 5913 is divided by 5885.
28
What is the remainder when 22558 is divided by 48?
46
What is the remainder when 3177 is divided by 1042?
51
What is the remainder when 136273 is divided by 5?
3
Calculate the remainder when 571 is divided by 63.
4
What is the remainder when 775 is divided by 52?
47
What is the remainder when 3260 is divided by 102?
98
Calculate the remainder when 753529 is divided by 337.
334
What is the remainder when 47670 is divided by 394?
390
What is the remainder when 1724 is divided by 354?
308
What is the remainder when 250163 is divided by 64?
51
Calculate the remainder when 9577 is divided by 317.
67
What is the remainder when 1788 is divided by 540?
168
What is the remainder when 2867 is divided by 1354?
159
Calculate the remainder when 4400 is divided by 207.
53
Calculate the remainder when 7025 is divided by 537.
44
Calculate the remainder when 11132 is divided by 85.
82
Calculate the remainder when 242285 is divided by 121132.
21
Calculate the remainder when 1120 is divided by 161.
154
What is the remainder when 52408 is divided by 7486?
6
What is the remainder when 20787 is divided by 60?
27
Calculate the remainder when 132079 is divided by 32981.
155
What is the remainder when 1353396 is divided by 639?
633
Calculate the remainder when 15971 is divided by 886.
23
Calculate the remainder when 4290 is divided by 32.
2
Calculate the remainder when 1246 is divided by 282.
118
Calculate the remainder when 111395 is divided by 768.
35
Calculate the remainder when 4989 is divided by 265.
219
Calculate the remainder when 134957 is divided by 31.
14
Calculate the remainder when 112575 is divided by 157.
6
Calculate the remainder when 81750 is divided by 13621.
24
What is the remainder when 7762 is divided by 1933?
30
What is the remainder when 257840 is divided by 211?
209
What is the remainder when 1982 is divided by 657?
11
Calculate the remainder when 45291 is divided by 338.
337
Calculate the remainder when 4923844 is divided by 17.
15
Calculate the remainder when 139088 is divided by 201.
197
What is the remainder when 16822 is divided by 64?
54
Calculate the remainder when 38662 is divided by 1762.
1660
Calculate the remainder when 447 is divided by 21.
6
What is the remainder when 23280 is divided by 3880?
0
What is the remainder when 145466 is divided by 24239?
32
Calculate the remainder when 8101 is divided by 234.
145
Calculate the remainder when 1220 is divided by 893.
327
Calculate the remainder when 4200 is divided by 26.
14
What is the remainder when 6028 is divided by 14?
8
What is the remainder when 10865 is divided by 13?
10
What is the remainder when 69003 is divided by 159?
156
What is the remainder when 72230 is divided by 430?
420
What is the remainder when 1410 is divided by 84?
66
What is the remainder when 678 is divided by 233?
212
What is the remainder when 81635 is divided by 278?
181
Calculate the remainder when 18345 is divided by 1052.
461
What is the remainder when 65438 is divided by 29?
14
What is the remainder when 33514 is divided by 150?
64
Calculate the remainder when 694 is divided by 665.
29
Calculate the remainder when 165164 is divided by 222.
218
What is the remainder when 238973 is divided by 55?
53
Calculate the remainder when 19031 is divided by 9302.
427
Calculate the remainder when 15298 is divided by 150.
148
What is the remainder when 22285 is divided by 141?
7
Calculate the remainder when 31345 is divided by 107.
101
Calculate the remainder when 5473 is divided by 907.
31
What is the remainder when 23610 is divided by 11782?
46
Calculate the remainder when 6755 is divided by 12.
11
Calculate the remainder when 163743 is divided by 268.
263
Calculate the remainder when 3748 is divided by 1868.
12
Calculate the remainder when 4989 is divided by 1199.
193
Calculate the remainder when 1061233 is divided by 9.
7
Calculate the remainder when 2227 is divided by 1.
0
Calculate the remainder when 30720 is divided by 1137.
21
What is the remainder when 1335698 is divided by 59?
56
What is the remainder when 9615 is divided by 185?
180
What is the remainder when 6715 is divided by 46?
45
Calculate the remainder when 22789 is divided by 11385.
19
Calculate the remainder when 201046 is divided by 50.
46
Calculate the remainder when 35677 is divided by 35652.
25
Calculate the remainder when 11900 is divided by 2861.
456
What is the remainder when 22774 is divided by 13?
11
What is the remainder when 414285 is divided by 9?
6
Calculate the remainder when 32616 is divided by 1400.
416
What is the remainder when 24810 is divided by 159?
6
What is the remainder when 115832 is divided by 19?
8
Calculate the remainder when 31525 is divided by 444.
1
Calculate the remainder when 626247 is divided by 67.
65
What is the remainder when 104116 is divided by 89?
75
What is the remainder when 13027 is divided by 181?
176
What is the remainder when 1928 is divided by 542?
302
What is the remainder when 1546 is divided by 139?
17
What is the remainder when 2193489 is divided by 13?
12
What is the remainder when 54068 is divided by 832?
820
Calculate the remainder when 14143 is divided by 1448.
1111
What is the remainder when 85519 is divided by 66?
49
What is the remainder when 92861 is divided by 21?
20
Calculate the remainder when 23755 is divided by 5911.
111
What is the remainder when 91529 is divided by 469?
74
What is the remainder when 1970 is divided by 506?
452
What is the remainder when 10198 is divided by 248?
30
What is the remainder when 7027 is divided by 110?
97
Calculate the remainder when 954 is divided by 42.
30
Calculate the remainder when 9264 is divided by 65.
34
Calculate the remainder when 5567 is divided by 32.
31
What is the remainder when 27749 is divided by 370?
369
What is the remainder when 2630 is divided by 859?
53
Calculate the remainder when 384652 is divided by 211.
210
What is the remainder when 4023 is divided by 1128?
639
Calculate the remainder when 461 is divided by 14.
13
Calculate the remainder when 9429 is divided by 58.
33
What is the remainder when 1566 is divided by 519?
9
What is the remainder when 9546 is divided by 64?
10
What is the remainder when 117644 is divided by 115?
114
What is the remainder when 142485 is divided by 746?
745
Calculate the remainder when 4854045 is divided by 177.
174
What is the remainder when 3909 is divided by 1095?
624
Calculate the remainder when 20007 is divided by 1537.
26
Calculate the remainder when 3239 is divided by 53.
6
Ca